{"id":327,"date":"2021-02-01T12:34:47","date_gmt":"2021-02-01T12:34:47","guid":{"rendered":"https:\/\/ssip2021.riteh.hr\/?page_id=327"},"modified":"2022-04-19T08:52:53","modified_gmt":"2022-04-19T08:52:53","slug":"accommodation","status":"publish","type":"page","link":"https:\/\/sustrainable.uniri.hr\/?page_id=327","title":{"rendered":"Accommodation"},"content":{"rendered":"\n<p><em>We are offering a limited amount of lodging for students in the student dormitory Ivan Goran Kova\u010di\u0107, which is within walking distance from the Faculty of Engineering where the school will take place. The student dormitory offers twin rooms estimated at 632,80 HRK (\u224884 EUR) for 7 days (i.e. from 3 to 9 July), per student. Depending on availability, rooms can be rented for single-person use at a higher rate.\u00a0Accepted students that are interested in these arrangements will indicate this during registration &#8211; based on their preference, we will make the accommodation reservations in their name. The students will cover the accommodation expenses directly at the dorm.\u00a0A restaurant is also available for dorm guests, offering breakfast, lunch and dinner at affordable prices.<\/em><\/p>\n\n\n\n<h2 id=\"block-78c0f831-6987-48e9-85dd-66749206437c\">STUDENT DORMITORY IVAN GORAN KOVA\u010cI\u0106<\/h2>\n\n\n\n<figure class=\"wp-block-table\"><table><tbody><tr><td>About<\/td><td>Student dormitory Ivan Goran Kova\u010di\u0107 is organized in five accommodation facilities in according to the needs and demands of students. It includes adequate standards of living and eating. Students can satisfy their cultural and sports needs and live in safe environment. It is located in the western part of the Rijeka, which is well connected with other quarters of Rijeka. Within the Student dormitory Ivan Goran Kova\u010di\u0107 there are: Student restaurant Mini, student laundry (pavilion 1, ground floor), gym (pavilion 1, ground floor) and classroom (pavilion 5, ground floor).<\/td><\/tr><tr><td>Address<\/td><td>Franje \u010candeka 4, 51000, Rijeka<\/td><\/tr><tr><td>Distance from the airport<\/td><td>Rijeka Airport 31 km<br>Pula airport 105 km<br>Trieste airport 107 km<\/td><\/tr><tr><td>Distance To the Faculty of Engineering<\/td><td>6 min walking distance<\/td><\/tr><tr><td>Contact<\/td><td>Phone +385 51 584 544, +385 99 469 6296<br>Email <a href=\"mailto:dom@scri.hr\">dom@scri.hr<\/a><\/td><\/tr><tr><td>Reservations<\/td><td>To book a room, accepted students should express their preference during registration. Also, they have to confirm the date of arrival and departure. The rooms are given to students on a \u201cfirst come, first serve\u201d basis.<\/td><\/tr><tr><td>MORE INFO<\/td><td><a href=\"https:\/\/visitrijeka.hr\/en\/odmori-planiraj-i-istrazi\/smjestaj\/lista-objekata\/11132\/\" target=\"_blank\" rel=\"noreferrer noopener\">Visit Rijeka<\/a><br><a href=\"https:\/\/www.scri.uniri.hr\/images\/Smjestaj\/IGK\/SCRI_-_LIVING_IN_STUDENT_DORMITORY_IGK_92020.pdf\" target=\"_blank\" rel=\"noreferrer noopener\">Brochure<\/a><\/td><\/tr><\/tbody><\/table><\/figure>\n\n\n\n<p><\/p>\n\n\n\n<p>Would you like to book your lodging elsewhere? Rijeka offers a large number of accommodation units with a large number of highly rated hotels as well as more affordable types of lodgings. Below are some suggestions for several hotel, hostel and private accommodation units with additional information. Visitors are referred to <a href=\"https:\/\/www.booking.com\/\">Booking.com<\/a> and <a href=\"https:\/\/www.airbnb.com\/rijeka-croatia\/stays\">airbnb<\/a> for additional options.<\/p>\n\n\n\n<p id=\"block-327d4fea-c3cf-47b2-9b2a-ece5ba2c9e27\"><strong>Hotels:<\/strong><br><a href=\"http:\/\/visitrijeka.hr\/en\/odmori-planiraj-i-istrazi\/smjestaj\/lista-objekata\/?type=8\">http:\/\/visitrijeka.hr\/en\/odmori-planiraj-i-istrazi\/smjestaj\/lista-objekata\/?type=8<\/a><\/p>\n\n\n\n<p id=\"block-841ca1f1-1aab-47f8-b525-795d67ced863\"><strong>Hostels:<\/strong><br><a href=\"http:\/\/visitrijeka.hr\/en\/odmori-planiraj-i-istrazi\/smjestaj\/lista-objekata\/?type=9\">http:\/\/visitrijeka.hr\/en\/odmori-planiraj-i-istrazi\/smjestaj\/lista-objekata\/?type=9<\/a><\/p>\n\n\n\n<p id=\"block-f7317dff-c07b-4a68-b1c2-b1d3d449f5dd\"><strong>Private accommodation:<\/strong><br><a href=\"http:\/\/visitrijeka.hr\/en\/odmori-planiraj-i-istrazi\/smjestaj\/lista-objekata\/?type=20\">http:\/\/visitrijeka.hr\/en\/odmori-planiraj-i-istrazi\/smjestaj\/lista-objekata\/?type=20<\/a><\/p>\n\n\n\n<h2 id=\"block-b56944c7-132a-40c2-a6ad-9bfe360c23a8\">HOSTEL FUN<\/h2>\n\n\n\n<figure class=\"wp-block-table\"><table><tbody><tr><td>About<\/td><td>FUN HOSTEL is located in the city of Rijeka in Croatia. It is located by the sea, only 2 m from the nearest beach, and only 15 minutes easy walk from the city center. The city bus stop is only 50 m away from the hostel. The hostel is located in a quiet part of Rijeka, but close to a large shopping center and several taverns and restaurants. The hostel has two floors with 5 modern rooms, 4 of which have sea views. All rooms are air conditioned and have a total of 32 beds. Bathrooms with showers are located on both floors. The hostel has a fully equipped kitchen available to guests. Also a large dining room, a room for socializing with SAT-TV, the use of hot and cold drinks, lockers with the possibility of locking, and free Internet Wi-Fi.<\/td><\/tr><tr><td>Address<\/td><td>\u0160etali\u0161te XIII. divizije 28 Rijeka, 51000, Croatia<\/td><\/tr><tr><td>Distance from the airport<\/td><td>Rijeka Airport 31 km<br>Pula airport 105 km<br>Trieste airport 107 km<\/td><\/tr><tr><td>Distance To the Faculty of Engineering<\/td><td>Driving via Vukovarska ulica 3.9 km (10 min)<\/td><\/tr><tr><td>Contact<\/td><td>Phone +385 91 121 9111<br>Email <a href=\"mailto:funhostel.rijeka@gmail.com\">funhostel.rijeka@gmail.com<\/a><\/td><\/tr><tr><td>Reservations<\/td><td><a href=\"https:\/\/www.booking.com\/hotel\/hr\/hostel-fun.en-gb.html\" target=\"_blank\" rel=\"noreferrer noopener\">Web page<\/a><\/td><\/tr><\/tbody><\/table><\/figure>\n\n\n\n<h2 id=\"block-c20ec0aa-38ad-42fd-bd6f-d2639ef1caac\">CZECH BESEDA RIJEKA HOSTEL<\/h2>\n\n\n\n<figure class=\"wp-block-table\"><table><tbody><tr><td>About<\/td><td>Hostel &#8220;Czech Beseda Rijeka&#8221; is located in the newly built building (year 2009) situated in a family neighborhood in the west side of the city. Away from the city noise, with a magnificent view of Kvarner Bay, surrounded by greenery with a playground nearby and a large private parking lot (suitable for vans and buses). Ten minutes ride on city bus connects hostel with the center of the city, and closeness to a Rijeka bypass exit is the connection to the highway and the entire Croatia.<\/td><\/tr><tr><td>Address<\/td><td>\u0106i\u0107arijska ulica 20 Rijeka, 51000, Croatia<\/td><\/tr><tr><td>Distance from the airport<\/td><td>Rijeka Airport 31 km<br>Pula airport 96 km<br>Trieste airport 107 km<\/td><\/tr><tr><td>Distance To the Faculty of Engineering<\/td><td>Driving via UL. FRANJE \u010cANDEKA 4 km (8 min)<\/td><\/tr><tr><td>Contact<\/td><td>Phone +385 98 709 676<br>Email <a href=\"mailto:ceskabesedarijeka@gmail.com\">ceskabesedarijeka@gmail.com<\/a><\/td><\/tr><tr><td>Reservations<\/td><td><a href=\"https:\/\/www.booking.com\/hotel\/hr\/hostel-ceska-beseda.en-gb.html\" target=\"_blank\" rel=\"noreferrer noopener\">Web page<\/a><\/td><\/tr><\/tbody><\/table><\/figure>\n\n\n\n<h2 id=\"block-06d79491-8bcf-4571-a41e-88f0903a91f0\">ROOMS KVARNER<\/h2>\n\n\n\n<figure class=\"wp-block-table\"><table><tbody><tr><td>About<\/td><td>The Kvarner Hostel is located in the very centre of Rijeka, near the railway station. All units are air-conditioned and the whole establishment has free Wi-Fi available. All rooms include their own bathroom and guests in the sleeping rooms have access to a joint bathroom within their sleeping room. There is a shared kitchen. All units include an LCD TV with domestic and foreign programs.<\/td><\/tr><tr><td>Address<\/td><td>Alessandra Manzonia 5 Rijeka, 51000, Croatia<\/td><\/tr><tr><td>Distance from the airport<\/td><td>Rijeka Airport 26 km<br>Pula airport 105 km<br>Trieste airport 108 km<\/td><\/tr><tr><td>Distance To the Faculty of Engineering<\/td><td>Driving via UL. VIKTORA cara emina and vukovarska ul. 1.2 km (4 min)<\/td><\/tr><tr><td>Contact<\/td><td>Phone +385 91 570 8427<br>Email <a href=\"mailto:kvarnergrupa@gmail.com\">kvarnergrupa@gmail.com<\/a><\/td><\/tr><tr><td>Reservations<\/td><td><a href=\"https:\/\/www.booking.com\/hotel\/hr\/hostel-kvarner.en-gb.html\" target=\"_blank\" rel=\"noreferrer noopener\">Web page<\/a><\/td><\/tr><\/tbody><\/table><\/figure>\n\n\n\n<h2 id=\"block-2979f096-e536-4b65-9276-b722b30d5a6f\">HOSTEL 1W<\/h2>\n\n\n\n<figure class=\"wp-block-table\"><table><tbody><tr><td>About<\/td><td>1W Hostel is a cross between a hotel and a hostel, and provides designer accomodation at budget prices, in the heart of the city. Located in the city center, only 200 mt from the bus station and only few minutes walking from the train station. From here you can set off on a walk through the main pedestrian zone, the Korzo, sip an espresso at one of the many sunny caf\u00e9s or experience Rijeka\u2019s night life.<\/td><\/tr><tr><td>Address<\/td><td>Ul. Erazma Bar\u010di\u0107a 4 Rijeka, 51000, Croatia<\/td><\/tr><tr><td>Distance from the airport<\/td><td>Rijeka Airport 25 km<br>Pula airport 107 km<br>Trieste airport 110 km<\/td><\/tr><tr><td>Distance To the Faculty of Engineering<\/td><td>Driving via vukovarska ul. 2.0 km (7 min)<\/td><\/tr><tr><td>Contact<\/td><td>Phone +385 51 401 757<br>Email <a href=\"mailto:info@one-world.com.hr\">info@one-world.com.hr<\/a><\/td><\/tr><tr><td>Reservations<\/td><td><a href=\"https:\/\/hostel1world.book.rentl.io\/\" target=\"_blank\" rel=\"noreferrer noopener\">Web page<\/a><\/td><\/tr><\/tbody><\/table><\/figure>\n\n\n\n<h2 id=\"block-7e032166-7b92-4374-9b99-69db36282359\">HOTEL JADRAN ****<\/h2>\n\n\n\n<figure class=\"wp-block-table\"><table><tbody><tr><td>About<\/td><td>Most of its 66 nicely furnished single and double rooms and 3 luxurious apartments are with a balcony and a beautiful view of the sea. Staying at this hotel provides a unique atmosphere of the old Mediterranean but with all modern facilities for tourists and business guests. Because of how close it is to the city centre and to the highway as well, hotel Jadran is an ideal hotel for both, business and leisure. Rooms: All rooms and hotel suits are simply decorated and painted in warm and earthy colours, yet functional and comfortable to meet any request.<\/td><\/tr><tr><td>Address<\/td><td>\u0160etali\u0161te XIII. divizije 46 Rijeka, 51000, Croatia<\/td><\/tr><tr><td>Distance from the airport<\/td><td>Rijeka Airport 24 km<br>Pula airport 116 km<br>Trieste airport 118 km<\/td><\/tr><tr><td>Distance To the Faculty of Engineering<\/td><td>Driving via Ul. Janka Poli\u0107a Kamova 6.1 km (15 min)<\/td><\/tr><tr><td>Contact<\/td><td>Phone +385 51 216 600<br>Email <a href=\"mailto:jadran@jadran-hoteli.hr\">jadran@jadran-hoteli.hr<\/a><\/td><\/tr><tr><td>Reservations<\/td><td><a href=\"https:\/\/www.jadran-hoteli.hr\/jadran-en\" target=\"_blank\" rel=\"noreferrer noopener\">Web page<\/a><\/td><\/tr><\/tbody><\/table><\/figure>\n\n\n\n<h2 id=\"block-04cbc97e-c0fd-471a-8624-c8d119b1dfd5\">HOTEL NEBODER ***<\/h2>\n\n\n\n<figure class=\"wp-block-table\"><table><tbody><tr><td>About<\/td><td>Hotel Neboder has 54 rooms, majority of which is with a balcony and the panoramic view of the city of Rijeka and Kvarner Bay. All rooms are air-conditioned, with direct phone line and a TV, majority with high-speed Internet access. Shared premises are air-conditioned. There is free Wi-Fi Internet access in whole hotel. Internet corner with complementary use of desk computer and WiFi access is available from 0-24. It is located in the hotel&#8217;s lobby next to the the congress hall entrance. Next to the reception, there is a garage with 20 parking places for hotel guests.<\/td><\/tr><tr><td>Address<\/td><td>Strossmayerova 1 Rijeka, 51000, Croatia<\/td><\/tr><tr><td>Distance from the airport<\/td><td>Rijeka Airport 25 km<br>Pula airport 108 km<br>Trieste airport 110 km<\/td><\/tr><tr><td>Distance To the Faculty of Engineering<\/td><td>Driving via Nova cesta 3.0 km (10 min)<\/td><\/tr><tr><td>Contact<\/td><td>Phone +385 51 373 538<br>Email <a href=\"mailto:neboder@jadran-hoteli.hr\">neboder@jadran-hoteli.hr<\/a><\/td><\/tr><tr><td>Reservations<\/td><td><a href=\"https:\/\/www.jadran-hoteli.hr\/neboder-en\" target=\"_blank\" rel=\"noreferrer noopener\">Web page<\/a><\/td><\/tr><\/tbody><\/table><\/figure>\n\n\n\n<h2 id=\"block-8af5155d-05a7-41d7-a183-27e57736505e\">HOTEL CONTINENTAL ***<\/h2>\n\n\n\n<figure class=\"wp-block-table\"><table><tbody><tr><td>About<\/td><td>The construction was initiated and funded by Hinko Ba\u010di\u0107, a mayor of Su\u0161ak, and designed by Mate Glavan, the first trained architect born in Su\u0161ak. The hotel was built from 1885 to 1888. When opened, Continental has rapidly gained popularity among residents of Su\u0161ak because of its design, facilities and excellent position. The hotel was renovated in 2008 and now it is a three stars hotel. Rooms: Since renovating, the hotel has 65 rooms and 4 suites most of which are offering a great view on the river Rje\u010dina and the old town centre.<\/td><\/tr><tr><td>Address<\/td><td>\u0160etali\u0161te Andrije Ka\u010di\u0107a Mo\u0161i\u0107a 1 Rijeka, 51000, Croatia<\/td><\/tr><tr><td>Distance from the airport<\/td><td>Rijeka Airport 24 km<br>Pula airport 115 km<br>Trieste airport 110 km<\/td><\/tr><tr><td>Distance To the Faculty of Engineering<\/td><td>Driving via Ul. Janka Poli\u0107a Kamova 2.9 km (11 min)<\/td><\/tr><tr><td>Contact<\/td><td>Phone +385 51 372 008<br>Email <a href=\"mailto:continental@jadran-hoteli.hr\">continental@jadran-hoteli.hr<\/a><\/td><\/tr><tr><td>Reservations<\/td><td><a href=\"https:\/\/www.jadran-hoteli.hr\/smjestaj\/hotel-47\" target=\"_blank\" rel=\"noreferrer noopener\">Web page<\/a><\/td><\/tr><\/tbody><\/table><\/figure>\n\n\n\n<h2>PRIVATE ACCOMMODATION<\/h2>\n\n\n\n<p>Do you wish to get to know, at close range and in the appropriate way, authentic life in Kvarner destinations and rest in private accommodation, just in the way you had imagined? Are you interested in fishermen\u2019s, old captains\u2019 stories, or stories of other inhabitants of Kvarner localities, of interesting small towns or owners of isolated houses where life unfolds in the rhythm of nature? Do you wish to taste genuine local dishes, pick the vegetables growing in your hosts\u2019 garden yourself, season them with local olive oil and give a toast with excellent local wine?! All this and a lot more is provided in facilities labelled <a rel=\"noreferrer noopener\" href=\"http:\/\/www.kvarnerfamily.hr\/default.aspx?lang=EN\" target=\"_blank\">Kvarner Family<\/a>.<\/p>\n","protected":false},"excerpt":{"rendered":"<p>We are offering a limited amount of lodging for students in the student dormitory Ivan Goran Kova\u010di\u0107, which is within walking distance from the Faculty of Engineering where the school will take place. The student dormitory offers twin rooms estimated at 632,80 HRK (\u224884 EUR) for 7 days (i.e. from 3 to 9 July), per<\/p>\n","protected":false},"author":1,"featured_media":0,"parent":0,"menu_order":0,"comment_status":"closed","ping_status":"closed","template":"page-static.php","meta":[],"_links":{"self":[{"href":"https:\/\/sustrainable.uniri.hr\/index.php?rest_route=\/wp\/v2\/pages\/327"}],"collection":[{"href":"https:\/\/sustrainable.uniri.hr\/index.php?rest_route=\/wp\/v2\/pages"}],"about":[{"href":"https:\/\/sustrainable.uniri.hr\/index.php?rest_route=\/wp\/v2\/types\/page"}],"author":[{"embeddable":true,"href":"https:\/\/sustrainable.uniri.hr\/index.php?rest_route=\/wp\/v2\/users\/1"}],"replies":[{"embeddable":true,"href":"https:\/\/sustrainable.uniri.hr\/index.php?rest_route=%2Fwp%2Fv2%2Fcomments&post=327"}],"version-history":[{"count":1,"href":"https:\/\/sustrainable.uniri.hr\/index.php?rest_route=\/wp\/v2\/pages\/327\/revisions"}],"predecessor-version":[{"id":2424,"href":"https:\/\/sustrainable.uniri.hr\/index.php?rest_route=\/wp\/v2\/pages\/327\/revisions\/2424"}],"wp:attachment":[{"href":"https:\/\/sustrainable.uniri.hr\/index.php?rest_route=%2Fwp%2Fv2%2Fmedia&parent=327"}],"curies":[{"name":"wp","href":"https:\/\/api.w.org\/{rel}","templated":true}]}}